{"id":7415,"date":"2023-03-15T09:26:36","date_gmt":"2023-03-15T08:26:36","guid":{"rendered":"http:\/\/travelsmartcampaign.org\/?post_type=library&#038;p=7415"},"modified":"2023-04-17T09:27:45","modified_gmt":"2023-04-17T08:27:45","slug":"climat-les-voyages-daffaires-en-avion-des-trajets-couteux-pour-lenvironnement-quil-faut-eviter-selon-une-ong","status":"publish","type":"library","link":"https:\/\/travelsmartcampaign.org\/es\/library\/climat-les-voyages-daffaires-en-avion-des-trajets-couteux-pour-lenvironnement-quil-faut-eviter-selon-une-ong\/","title":{"rendered":"Climat : les voyages d&#039;affaires en avion, des trajets co\u00fbteux pour l&#039;environnement qu&#039;il faut \u00e9viter, selon une ONG"},"content":{"rendered":"","protected":false},"excerpt":{"rendered":"","protected":false},"featured_media":0,"template":"","topic":[],"visibility":[],"post-country":[31],"language":[38],"category-post-type":[50],"class_list":["post-7415","library","type-library","status-publish","hentry","post-country-france","language-french","category-post-type-relevant-media-coverage"],"yoast_head":"<!-- This site is optimized with the Yoast SEO plugin v27.5 - https:\/\/yoast.com\/product\/yoast-seo-wordpress\/ -->\n<title>Climat : les voyages d\u2019affaires en avion, des trajets co\u00fbteux pour l\u2019environnement qu\u2019il faut \u00e9viter, selon une ONG - Travel Smart Campaign<\/title>\n<meta name=\"robots\" content=\"index, follow, max-snippet:-1, max-image-preview:large, max-video-preview:-1\" \/>\n<link rel=\"canonical\" href=\"https:\/\/travelsmartcampaign.org\/es\/biblioteca\/climat-les-voyages-daffaires-en-avion-des-trajets-couteux-pour-lenvironnement-quil-faut-eviter-selon-une-ong\/\" \/>\n<meta property=\"og:locale\" content=\"es_ES\" \/>\n<meta property=\"og:type\" content=\"article\" \/>\n<meta property=\"og:title\" content=\"Climat : les voyages d\u2019affaires en avion, des trajets co\u00fbteux pour l\u2019environnement qu\u2019il faut \u00e9viter, selon une ONG - Travel Smart Campaign\" \/>\n<meta property=\"og:url\" content=\"https:\/\/travelsmartcampaign.org\/es\/biblioteca\/climat-les-voyages-daffaires-en-avion-des-trajets-couteux-pour-lenvironnement-quil-faut-eviter-selon-une-ong\/\" \/>\n<meta property=\"og:site_name\" content=\"Travel Smart Campaign\" \/>\n<meta property=\"article:modified_time\" content=\"2023-04-17T08:27:45+00:00\" \/>\n<meta name=\"twitter:card\" content=\"summary_large_image\" \/>\n<script type=\"application\/ld+json\" class=\"yoast-schema-graph\">{\"@context\":\"https:\\\/\\\/schema.org\",\"@graph\":[{\"@type\":\"WebPage\",\"@id\":\"https:\\\/\\\/travelsmartcampaign.org\\\/de\\\/bibliothek\\\/klimatisierung-der-flugzeugreisen-mit-dem-flugzeug-die-aufgrund-der-umweltverschmutzung-vermieden-werden-sollten\\\/\",\"url\":\"https:\\\/\\\/travelsmartcampaign.org\\\/de\\\/bibliothek\\\/klimatisierung-der-flugzeugreisen-mit-dem-flugzeug-die-aufgrund-der-umweltverschmutzung-vermieden-werden-sollten\\\/\",\"name\":\"Climat : les voyages d\u2019affaires en avion, des trajets co\u00fbteux pour l\u2019environnement qu\u2019il faut \u00e9viter, selon une ONG - Travel Smart Campaign\",\"isPartOf\":{\"@id\":\"https:\\\/\\\/travelsmartcampaign.org\\\/#website\"},\"datePublished\":\"2023-03-15T08:26:36+00:00\",\"dateModified\":\"2023-04-17T08:27:45+00:00\",\"breadcrumb\":{\"@id\":\"https:\\\/\\\/travelsmartcampaign.org\\\/de\\\/bibliothek\\\/klimatisierung-der-flugzeugreisen-mit-dem-flugzeug-die-aufgrund-der-umweltverschmutzung-vermieden-werden-sollten\\\/#breadcrumb\"},\"inLanguage\":\"es\",\"potentialAction\":[{\"@type\":\"ReadAction\",\"target\":[\"https:\\\/\\\/travelsmartcampaign.org\\\/de\\\/bibliothek\\\/klimatisierung-der-flugzeugreisen-mit-dem-flugzeug-die-aufgrund-der-umweltverschmutzung-vermieden-werden-sollten\\\/\"]}]},{\"@type\":\"BreadcrumbList\",\"@id\":\"https:\\\/\\\/travelsmartcampaign.org\\\/de\\\/bibliothek\\\/klimatisierung-der-flugzeugreisen-mit-dem-flugzeug-die-aufgrund-der-umweltverschmutzung-vermieden-werden-sollten\\\/#breadcrumb\",\"itemListElement\":[{\"@type\":\"ListItem\",\"position\":1,\"name\":\"Home\",\"item\":\"https:\\\/\\\/travelsmartcampaign.org\\\/\"},{\"@type\":\"ListItem\",\"position\":2,\"name\":\"Climat : les voyages d\u2019affaires en avion, des trajets co\u00fbteux pour l\u2019environnement qu\u2019il faut \u00e9viter, selon une ONG\"}]},{\"@type\":\"WebSite\",\"@id\":\"https:\\\/\\\/travelsmartcampaign.org\\\/#website\",\"url\":\"https:\\\/\\\/travelsmartcampaign.org\\\/\",\"name\":\"Travel Smart\",\"description\":\"\",\"publisher\":{\"@id\":\"https:\\\/\\\/travelsmartcampaign.org\\\/#organization\"},\"potentialAction\":[{\"@type\":\"SearchAction\",\"target\":{\"@type\":\"EntryPoint\",\"urlTemplate\":\"https:\\\/\\\/travelsmartcampaign.org\\\/?s={search_term_string}\"},\"query-input\":{\"@type\":\"PropertyValueSpecification\",\"valueRequired\":true,\"valueName\":\"search_term_string\"}}],\"inLanguage\":\"es\"},{\"@type\":\"Organization\",\"@id\":\"https:\\\/\\\/travelsmartcampaign.org\\\/#organization\",\"name\":\"Travel Smart\",\"url\":\"https:\\\/\\\/travelsmartcampaign.org\\\/\",\"logo\":{\"@type\":\"ImageObject\",\"inLanguage\":\"es\",\"@id\":\"https:\\\/\\\/travelsmartcampaign.org\\\/#\\\/schema\\\/logo\\\/image\\\/\",\"url\":\"https:\\\/\\\/travelsmartcampaign.org\\\/wp-content\\\/uploads\\\/travel-smart-min.jpeg\",\"contentUrl\":\"https:\\\/\\\/travelsmartcampaign.org\\\/wp-content\\\/uploads\\\/travel-smart-min.jpeg\",\"width\":1200,\"height\":690,\"caption\":\"Travel Smart\"},\"image\":{\"@id\":\"https:\\\/\\\/travelsmartcampaign.org\\\/#\\\/schema\\\/logo\\\/image\\\/\"}}]}<\/script>\n<!-- \/ Yoast SEO plugin. -->","yoast_head_json":{"title":"Clima: los viajes de negocios en avi\u00f3n, trayectos costosos para el medio ambiente que hay que evitar, seg\u00fan una ONG - Campa\u00f1a Travel Smart","robots":{"index":"index","follow":"follow","max-snippet":"max-snippet:-1","max-image-preview":"max-image-preview:large","max-video-preview":"max-video-preview:-1"},"canonical":"https:\/\/travelsmartcampaign.org\/es\/biblioteca\/climat-les-voyages-daffaires-en-avion-des-trajets-couteux-pour-lenvironnement-quil-faut-eviter-selon-une-ong\/","og_locale":"es_ES","og_type":"article","og_title":"Climat : les voyages d\u2019affaires en avion, des trajets co\u00fbteux pour l\u2019environnement qu\u2019il faut \u00e9viter, selon une ONG - Travel Smart Campaign","og_url":"https:\/\/travelsmartcampaign.org\/es\/biblioteca\/climat-les-voyages-daffaires-en-avion-des-trajets-couteux-pour-lenvironnement-quil-faut-eviter-selon-une-ong\/","og_site_name":"Travel Smart Campaign","article_modified_time":"2023-04-17T08:27:45+00:00","twitter_card":"summary_large_image","schema":{"@context":"https:\/\/schema.org","@graph":[{"@type":"WebPage","@id":"https:\/\/travelsmartcampaign.org\/de\/bibliothek\/klimatisierung-der-flugzeugreisen-mit-dem-flugzeug-die-aufgrund-der-umweltverschmutzung-vermieden-werden-sollten\/","url":"https:\/\/travelsmartcampaign.org\/de\/bibliothek\/klimatisierung-der-flugzeugreisen-mit-dem-flugzeug-die-aufgrund-der-umweltverschmutzung-vermieden-werden-sollten\/","name":"Clima: los viajes de negocios en avi\u00f3n, trayectos costosos para el medio ambiente que hay que evitar, seg\u00fan una ONG - Campa\u00f1a Travel Smart","isPartOf":{"@id":"https:\/\/travelsmartcampaign.org\/#website"},"datePublished":"2023-03-15T08:26:36+00:00","dateModified":"2023-04-17T08:27:45+00:00","breadcrumb":{"@id":"https:\/\/travelsmartcampaign.org\/de\/bibliothek\/klimatisierung-der-flugzeugreisen-mit-dem-flugzeug-die-aufgrund-der-umweltverschmutzung-vermieden-werden-sollten\/#breadcrumb"},"inLanguage":"es","potentialAction":[{"@type":"ReadAction","target":["https:\/\/travelsmartcampaign.org\/de\/bibliothek\/klimatisierung-der-flugzeugreisen-mit-dem-flugzeug-die-aufgrund-der-umweltverschmutzung-vermieden-werden-sollten\/"]}]},{"@type":"BreadcrumbList","@id":"https:\/\/travelsmartcampaign.org\/de\/bibliothek\/klimatisierung-der-flugzeugreisen-mit-dem-flugzeug-die-aufgrund-der-umweltverschmutzung-vermieden-werden-sollten\/#breadcrumb","itemListElement":[{"@type":"ListItem","position":1,"name":"Home","item":"https:\/\/travelsmartcampaign.org\/"},{"@type":"ListItem","position":2,"name":"Climat : les voyages d\u2019affaires en avion, des trajets co\u00fbteux pour l\u2019environnement qu\u2019il faut \u00e9viter, selon une ONG"}]},{"@type":"WebSite","@id":"https:\/\/travelsmartcampaign.org\/#website","url":"https:\/\/travelsmartcampaign.org\/","name":"Travel Smart","description":"","publisher":{"@id":"https:\/\/travelsmartcampaign.org\/#organization"},"potentialAction":[{"@type":"SearchAction","target":{"@type":"EntryPoint","urlTemplate":"https:\/\/travelsmartcampaign.org\/?s={search_term_string}"},"query-input":{"@type":"PropertyValueSpecification","valueRequired":true,"valueName":"search_term_string"}}],"inLanguage":"es"},{"@type":"Organization","@id":"https:\/\/travelsmartcampaign.org\/#organization","name":"Travel Smart","url":"https:\/\/travelsmartcampaign.org\/","logo":{"@type":"ImageObject","inLanguage":"es","@id":"https:\/\/travelsmartcampaign.org\/#\/schema\/logo\/image\/","url":"https:\/\/travelsmartcampaign.org\/wp-content\/uploads\/travel-smart-min.jpeg","contentUrl":"https:\/\/travelsmartcampaign.org\/wp-content\/uploads\/travel-smart-min.jpeg","width":1200,"height":690,"caption":"Travel Smart"},"image":{"@id":"https:\/\/travelsmartcampaign.org\/#\/schema\/logo\/image\/"}}]}},"_links":{"self":[{"href":"https:\/\/travelsmartcampaign.org\/es\/wp-json\/wp\/v2\/library\/7415","targetHints":{"allow":["GET"]}}],"collection":[{"href":"https:\/\/travelsmartcampaign.org\/es\/wp-json\/wp\/v2\/library"}],"about":[{"href":"https:\/\/travelsmartcampaign.org\/es\/wp-json\/wp\/v2\/types\/library"}],"version-history":[{"count":0,"href":"https:\/\/travelsmartcampaign.org\/es\/wp-json\/wp\/v2\/library\/7415\/revisions"}],"wp:attachment":[{"href":"https:\/\/travelsmartcampaign.org\/es\/wp-json\/wp\/v2\/media?parent=7415"}],"wp:term":[{"taxonomy":"topic","embeddable":true,"href":"https:\/\/travelsmartcampaign.org\/es\/wp-json\/wp\/v2\/topic?post=7415"},{"taxonomy":"visibility","embeddable":true,"href":"https:\/\/travelsmartcampaign.org\/es\/wp-json\/wp\/v2\/visibility?post=7415"},{"taxonomy":"post-country","embeddable":true,"href":"https:\/\/travelsmartcampaign.org\/es\/wp-json\/wp\/v2\/post-country?post=7415"},{"taxonomy":"language","embeddable":true,"href":"https:\/\/travelsmartcampaign.org\/es\/wp-json\/wp\/v2\/language?post=7415"},{"taxonomy":"category-post-type","embeddable":true,"href":"https:\/\/travelsmartcampaign.org\/es\/wp-json\/wp\/v2\/category-post-type?post=7415"}],"curies":[{"name":"wp","href":"https:\/\/api.w.org\/{rel}","templated":true}]}}

Climat : les voyages d&#039;affaires en avion, des trajets coûteux pour l&#039;environnement qu&#039;il faut éviter, selon une ONG

<!-- This site is optimized with the Yoast SEO plugin v27.5 - https://yoast.com/product/yoast-seo-wordpress/ -->
<title>Climat : les voyages d’affaires en avion, des trajets coûteux pour l’environnement qu’il faut éviter, selon une ONG - Travel Smart Campaign</title>
<meta name="robots" content="index, follow, max-snippet:-1, max-image-preview:large, max-video-preview:-1" />
<link rel="canonical" href="https://travelsmartcampaign.org/es/biblioteca/climat-les-voyages-daffaires-en-avion-des-trajets-couteux-pour-lenvironnement-quil-faut-eviter-selon-une-ong/" />
<meta property="og:locale" content="es_ES" />
<meta property="og:type" content="article" />
<meta property="og:title" content="Climat : les voyages d’affaires en avion, des trajets coûteux pour l’environnement qu’il faut éviter, selon une ONG - Travel Smart Campaign" />
<meta property="og:url" content="https://travelsmartcampaign.org/es/biblioteca/climat-les-voyages-daffaires-en-avion-des-trajets-couteux-pour-lenvironnement-quil-faut-eviter-selon-une-ong/" />
<meta property="og:site_name" content="Travel Smart Campaign" />
<meta property="article:modified_time" content="2023-04-17T08:27:45+00:00" />
<meta name="twitter:card" content="summary_large_image" />
<script type="application/ld+json" class="yoast-schema-graph">{"@context":"https:\/\/schema.org","@graph":[{"@type":"WebPage","@id":"https:\/\/travelsmartcampaign.org\/de\/bibliothek\/klimatisierung-der-flugzeugreisen-mit-dem-flugzeug-die-aufgrund-der-umweltverschmutzung-vermieden-werden-sollten\/","url":"https:\/\/travelsmartcampaign.org\/de\/bibliothek\/klimatisierung-der-flugzeugreisen-mit-dem-flugzeug-die-aufgrund-der-umweltverschmutzung-vermieden-werden-sollten\/","name":"Climat : les voyages d’affaires en avion, des trajets coûteux pour l’environnement qu’il faut éviter, selon une ONG - Travel Smart Campaign","isPartOf":{"@id":"https:\/\/travelsmartcampaign.org\/#website"},"datePublished":"2023-03-15T08:26:36+00:00","dateModified":"2023-04-17T08:27:45+00:00","breadcrumb":{"@id":"https:\/\/travelsmartcampaign.org\/de\/bibliothek\/klimatisierung-der-flugzeugreisen-mit-dem-flugzeug-die-aufgrund-der-umweltverschmutzung-vermieden-werden-sollten\/#breadcrumb"},"inLanguage":"es","potentialAction":[{"@type":"ReadAction","target":["https:\/\/travelsmartcampaign.org\/de\/bibliothek\/klimatisierung-der-flugzeugreisen-mit-dem-flugzeug-die-aufgrund-der-umweltverschmutzung-vermieden-werden-sollten\/"]}]},{"@type":"BreadcrumbList","@id":"https:\/\/travelsmartcampaign.org\/de\/bibliothek\/klimatisierung-der-flugzeugreisen-mit-dem-flugzeug-die-aufgrund-der-umweltverschmutzung-vermieden-werden-sollten\/#breadcrumb","itemListElement":[{"@type":"ListItem","position":1,"name":"Home","item":"https:\/\/travelsmartcampaign.org\/"},{"@type":"ListItem","position":2,"name":"Climat : les voyages d’affaires en avion, des trajets coûteux pour l’environnement qu’il faut éviter, selon une ONG"}]},{"@type":"WebSite","@id":"https:\/\/travelsmartcampaign.org\/#website","url":"https:\/\/travelsmartcampaign.org\/","name":"Travel Smart","description":"","publisher":{"@id":"https:\/\/travelsmartcampaign.org\/#organization"},"potentialAction":[{"@type":"SearchAction","target":{"@type":"EntryPoint","urlTemplate":"https:\/\/travelsmartcampaign.org\/?s={search_term_string}"},"query-input":{"@type":"PropertyValueSpecification","valueRequired":true,"valueName":"search_term_string"}}],"inLanguage":"es"},{"@type":"Organization","@id":"https:\/\/travelsmartcampaign.org\/#organization","name":"Travel Smart","url":"https:\/\/travelsmartcampaign.org\/","logo":{"@type":"ImageObject","inLanguage":"es","@id":"https:\/\/travelsmartcampaign.org\/#\/schema\/logo\/image\/","url":"https:\/\/travelsmartcampaign.org\/wp-content\/uploads\/travel-smart-min.jpeg","contentUrl":"https:\/\/travelsmartcampaign.org\/wp-content\/uploads\/travel-smart-min.jpeg","width":1200,"height":690,"caption":"Travel Smart"},"image":{"@id":"https:\/\/travelsmartcampaign.org\/#\/schema\/logo\/image\/"}}]}</script>
<!-- / Yoast SEO plugin. -->

Clima: los viajes de negocios en avión, trayectos costosos para el medio ambiente que hay que evitar, según una ONG - Campaña Travel Smart

Climat : les voyages d’affaires en avion, des trajets coûteux pour l’environnement qu’il faut éviter, selon une ONG - Travel Smart Campaign

Climat : les voyages d’affaires en avion, des trajets coûteux pour l’environnement qu’il faut éviter, selon une ONG
