{"version":"1.0","provider_name":"Travel Smart-campagne","provider_url":"https:\/\/travelsmartcampaign.org\/nl","author_name":"Diane Vitry","author_url":"https:\/\/travelsmartcampaign.org\/nl\/author\/diane-vitry\/","title":"Dans les entreprises suisses, on veut moins prendre l'avion - Travel Smart Campaign","type":"rich","width":600,"height":338,"html":"<blockquote class=\"wp-embedded-content\" data-secret=\"XIHYLOKsJJ\"><a href=\"https:\/\/travelsmartcampaign.org\/nl\/library\/dans-les-entreprises-suisses-on-veut-moins-prendre-lavion\/\">Dans suisses suisses, op vele manieren prendre l&#039;avion<\/a><\/blockquote><iframe sandbox=\"allow-scripts\" security=\"restricted\" src=\"https:\/\/travelsmartcampaign.org\/nl\/library\/dans-les-entreprises-suisses-on-veut-moins-prendre-lavion\/embed\/#?secret=XIHYLOKsJJ\" width=\"600\" height=\"338\" title=\"&#8220;Dans les entreprises suisses, on veut moins prendre l&#8217;avion&#8221; &#8212; Travel Smart Campaign\" data-secret=\"XIHYLOKsJJ\" frameborder=\"0\" marginwidth=\"0\" marginheight=\"0\" scrolling=\"no\" class=\"wp-embedded-content\"><\/iframe><script>\n\/*! This file is auto-generated *\/\n!function(d,l){\"use strict\";l.querySelector&&d.addEventListener&&\"undefined\"!=typeof URL&&(d.wp=d.wp||{},d.wp.receiveEmbedMessage||(d.wp.receiveEmbedMessage=function(e){var t=e.data;if((t||t.secret||t.message||t.value)&&!\/[^a-zA-Z0-9]\/.test(t.secret)){for(var s,r,n,a=l.querySelectorAll('iframe[data-secret=\"'+t.secret+'\"]'),o=l.querySelectorAll('blockquote[data-secret=\"'+t.secret+'\"]'),c=new RegExp(\"^https?:$\",\"i\"),i=0;i<o.length;i++)o[i].style.display=\"none\";for(i=0;i<a.length;i++)s=a[i],e.source===s.contentWindow&&(s.removeAttribute(\"style\"),\"height\"===t.message?(1e3<(r=parseInt(t.value,10))?r=1e3:~~r<200&&(r=200),s.height=r):\"link\"===t.message&&(r=new URL(s.getAttribute(\"src\")),n=new URL(t.value),c.test(n.protocol))&&n.host===r.host&&l.activeElement===s&&(d.top.location.href=t.value))}},d.addEventListener(\"message\",d.wp.receiveEmbedMessage,!1),l.addEventListener(\"DOMContentLoaded\",function(){for(var e,t,s=l.querySelectorAll(\"iframe.wp-embedded-content\"),r=0;r<s.length;r++)(t=(e=s[r]).getAttribute(\"data-secret\"))||(t=Math.random().toString(36).substring(2,12),e.src+=\"#?secret=\"+t,e.setAttribute(\"data-secret\",t)),e.contentWindow.postMessage({message:\"ready\",secret:t},\"*\")},!1)))}(window,document);\n\/\/# sourceURL=https:\/\/travelsmartcampaign.org\/wp-includes\/js\/wp-embed.min.js\n<\/script>","thumbnail_url":"https:\/\/travelsmartcampaign.org\/wp-content\/uploads\/pexels-thirdman-5256692-scaled.jpg","thumbnail_width":1707,"thumbnail_height":2560,"description":"Selon un nouveau sondage, trois quarts du personnel des grandes entreprises suisses veulent moins de vols d\u2019affaires pour prot\u00e9ger le climat. Ce r\u00e9sultat conforte l\u2019ATE Association transports et environnement dans son engagement. La r\u00e9duction des vols d\u2019affaires est un moyen simple de couper rapidement les \u00e9missions de gaz \u00e0 effet de serre, contribuant ainsi \u00e0 [&hellip;]"}

Selon un nouveau sondage, trois quarts du personnel des grandes entreprises suisses veulent moins de vols d’affaires pour protéger le climat. Ce résultat conforte l’ATE Association transports et environnement dans son engagement. La réduction des vols d’affaires est un moyen simple de couper rapidement les émissions de gaz à effet de serre, contribuant ainsi à [&hellip;]
